{"id":147,"date":"2023-08-24T10:50:37","date_gmt":"2023-08-24T14:50:37","guid":{"rendered":"https:\/\/virtuaweb.ca\/sites\/mmm\/?page_id=147"},"modified":"2024-06-26T14:57:34","modified_gmt":"2024-06-26T18:57:34","slug":"members-area","status":"publish","type":"page","link":"https:\/\/virtuaweb.ca\/sites\/mmm\/members-area\/","title":{"rendered":"Members&#8217; Area"},"content":{"rendered":"\n<h2 class=\"wp-block-heading\">Members&#8217; Files<\/h2>\n\n\n\n<div class=\"wp-block-columns is-layout-flex wp-container-core-columns-is-layout-9d6595d7 wp-block-columns-is-layout-flex\">\n<div class=\"wp-block-column is-layout-flow wp-block-column-is-layout-flow\">\n<h3 class=\"wp-block-heading\">Annual General Assembly July 4, 2024 (AGM)<\/h3>\n\n\n<div class=\"liste-fichiers\">\n\n\t\n\t<a href=\"https:\/\/virtuaweb.ca\/sites\/mmm\/wp-content\/uploads\/2024\/06\/MMM-AGM-Agenda-2024.pdf\" target=\"_blank\" class=\"liste-fichiers-element\">AGM Agenda <i class=\"fas fa-arrow-down\"><\/i><\/a>\n\n\t\n\t<a href=\"https:\/\/virtuaweb.ca\/sites\/mmm\/wp-content\/uploads\/2024\/06\/MMM-AGM-Meeting-Minutes-July-5-2023.pdf\" target=\"_blank\" class=\"liste-fichiers-element\">AGM Meeting Minutes &#8211; July 5, 2023<i class=\"fas fa-arrow-down\"><\/i><\/a>\n\n\t\n\t<a href=\"\" target=\"_blank\" class=\"liste-fichiers-element\">Fichier \u00e0 t\u00e9l\u00e9charger 3<i class=\"fas fa-arrow-down\"><\/i><\/a>\n\n\t\n\t<a href=\"\" target=\"_blank\" class=\"liste-fichiers-element\">Fichier \u00e0 t\u00e9l\u00e9charger 4<i class=\"fas fa-arrow-down\"><\/i><\/a>\n\n\n<\/div><\/div>\n\n\n\n<div class=\"wp-block-column is-layout-flow wp-block-column-is-layout-flow\">\n<h3 class=\"wp-block-heading\">By-Law and Policies<\/h3>\n\n\n<div class=\"liste-fichiers\">\n\n\t\n\t<a href=\"https:\/\/virtuaweb.ca\/sites\/mmm\/wp-content\/uploads\/2024\/06\/MMM-By-law-1.pdf\" target=\"_blank\" class=\"liste-fichiers-element\">MMM By-Law<i class=\"fas fa-arrow-down\"><\/i><\/a>\n\n\t\n\t<a href=\"https:\/\/virtuaweb.ca\/sites\/mmm\/wp-content\/uploads\/2023\/08\/IMG_0769-1.jpg\" target=\"_blank\" class=\"liste-fichiers-element\">Fichier \u00e0 t\u00e9l\u00e9charger 2<i class=\"fas fa-arrow-down\"><\/i><\/a>\n\n\t\n\t<a href=\"https:\/\/virtuaweb.ca\/sites\/mmm\/wp-content\/uploads\/2023\/08\/IMG_0769-1.jpg\" target=\"_blank\" class=\"liste-fichiers-element\">Fichier \u00e0 t\u00e9l\u00e9charger 3<i class=\"fas fa-arrow-down\"><\/i><\/a>\n\n\t\n\t<a href=\"https:\/\/virtuaweb.ca\/sites\/mmm\/wp-content\/uploads\/2023\/08\/IMG_1669-1-modif.jpg\" target=\"_blank\" class=\"liste-fichiers-element\">Fichier \u00e0 t\u00e9l\u00e9charger 4<i class=\"fas fa-arrow-down\"><\/i><\/a>\n\n\n<\/div><\/div>\n<\/div>\n\n\n\n<div class=\"wp-block-columns is-layout-flex wp-container-core-columns-is-layout-9d6595d7 wp-block-columns-is-layout-flex\">\n<div class=\"wp-block-column is-layout-flow wp-block-column-is-layout-flow\">\n<h3 class=\"wp-block-heading\">Membership Form \u2013 2024<\/h3>\n\n\n<div class=\"liste-fichiers\">\n\n\t\n\t<a href=\"https:\/\/virtuaweb.ca\/sites\/mmm\/wp-content\/uploads\/2023\/08\/MMM-Canada-Summer-Workshop-Registration-Form.pdf\" target=\"_blank\" class=\"liste-fichiers-element\">Fichier \u00e0 t\u00e9l\u00e9charger 1<i class=\"fas fa-arrow-down\"><\/i><\/a>\n\n\t\n\t<a href=\"https:\/\/virtuaweb.ca\/sites\/mmm\/wp-content\/uploads\/2023\/08\/MMM-Canada-Summer-Workshop-Registration-Form.pdf\" target=\"_blank\" class=\"liste-fichiers-element\">Fichier \u00e0 t\u00e9l\u00e9charger 2<i class=\"fas fa-arrow-down\"><\/i><\/a>\n\n\t\n\t<a href=\"https:\/\/virtuaweb.ca\/sites\/mmm\/wp-content\/uploads\/2023\/08\/MMM-Canada-Summer-Workshop-Registration-Form.pdf\" target=\"_blank\" class=\"liste-fichiers-element\">Fichier \u00e0 t\u00e9l\u00e9charger 3<i class=\"fas fa-arrow-down\"><\/i><\/a>\n\n\t\n\t<a href=\"https:\/\/virtuaweb.ca\/sites\/mmm\/wp-content\/uploads\/2023\/08\/IMG_0769.jpg\" target=\"_blank\" class=\"liste-fichiers-element\">Fichier \u00e0 t\u00e9l\u00e9charger 4<i class=\"fas fa-arrow-down\"><\/i><\/a>\n\n\n<\/div><\/div>\n\n\n\n<div class=\"wp-block-column is-layout-flow wp-block-column-is-layout-flow\">\n<h3 class=\"wp-block-heading\">Bursaries \u2013 Application Forms<\/h3>\n\n\n<div class=\"liste-fichiers\">\n\n\t\n\t<a href=\"https:\/\/virtuaweb.ca\/sites\/mmm\/wp-content\/uploads\/2023\/08\/MMM-Canada-Summer-Workshop-Registration-Form.pdf\" target=\"_blank\" class=\"liste-fichiers-element\">Fichier \u00e0 t\u00e9l\u00e9charger 1<i class=\"fas fa-arrow-down\"><\/i><\/a>\n\n\t\n\t<a href=\"https:\/\/virtuaweb.ca\/sites\/mmm\/wp-content\/uploads\/2023\/08\/IMG_0769-1.jpg\" target=\"_blank\" class=\"liste-fichiers-element\">Fichier \u00e0 t\u00e9l\u00e9charger 2<i class=\"fas fa-arrow-down\"><\/i><\/a>\n\n\t\n\t<a href=\"https:\/\/virtuaweb.ca\/sites\/mmm\/wp-content\/uploads\/2023\/08\/IMG_0769-1.jpg\" target=\"_blank\" class=\"liste-fichiers-element\">Fichier \u00e0 t\u00e9l\u00e9charger 3<i class=\"fas fa-arrow-down\"><\/i><\/a>\n\n\t\n\t<a href=\"https:\/\/virtuaweb.ca\/sites\/mmm\/wp-content\/uploads\/2023\/08\/IMG_1669-1-modif.jpg\" target=\"_blank\" class=\"liste-fichiers-element\">Fichier \u00e0 t\u00e9l\u00e9charger 4<i class=\"fas fa-arrow-down\"><\/i><\/a>\n\n\n<\/div><\/div>\n<\/div>\n\n\n\n<h2 class=\"wp-block-heading\">Teaching files<\/h2>\n\n\n\n<div class=\"wp-block-columns is-layout-flex wp-container-core-columns-is-layout-9d6595d7 wp-block-columns-is-layout-flex\">\n<div class=\"wp-block-column is-layout-flow wp-block-column-is-layout-flow\">\n<h3 class=\"wp-block-heading\">Application and Guidelines for Teacher Training<\/h3>\n\n\n<div class=\"liste-fichiers\">\n\n\t\n\t<a href=\"https:\/\/virtuaweb.ca\/sites\/mmm\/wp-content\/uploads\/2023\/08\/MMM-Canada-Summer-Workshop-Registration-Form.pdf\" target=\"_blank\" class=\"liste-fichiers-element\">Fichier \u00e0 t\u00e9l\u00e9charger 1<i class=\"fas fa-arrow-down\"><\/i><\/a>\n\n\t\n\t<a href=\"https:\/\/virtuaweb.ca\/sites\/mmm\/wp-content\/uploads\/2023\/08\/MMM-Canada-Summer-Workshop-Registration-Form.pdf\" target=\"_blank\" class=\"liste-fichiers-element\">Fichier \u00e0 t\u00e9l\u00e9charger 2<i class=\"fas fa-arrow-down\"><\/i><\/a>\n\n\t\n\t<a href=\"https:\/\/virtuaweb.ca\/sites\/mmm\/wp-content\/uploads\/2023\/08\/MMM-Canada-Summer-Workshop-Registration-Form.pdf\" target=\"_blank\" class=\"liste-fichiers-element\">Fichier \u00e0 t\u00e9l\u00e9charger 3<i class=\"fas fa-arrow-down\"><\/i><\/a>\n\n\t\n\t<a href=\"https:\/\/virtuaweb.ca\/sites\/mmm\/wp-content\/uploads\/2023\/08\/IMG_0769.jpg\" target=\"_blank\" class=\"liste-fichiers-element\">Fichier \u00e0 t\u00e9l\u00e9charger 4<i class=\"fas fa-arrow-down\"><\/i><\/a>\n\n\n<\/div><\/div>\n\n\n\n<div class=\"wp-block-column is-layout-flow wp-block-column-is-layout-flow\">\n<h3 class=\"wp-block-heading\">Health Play Certificate Information<\/h3>\n\n\n<div class=\"liste-fichiers\">\n\n\t\n\t<a href=\"https:\/\/virtuaweb.ca\/sites\/mmm\/wp-content\/uploads\/2023\/08\/MMM-Canada-Summer-Workshop-Registration-Form.pdf\" target=\"_blank\" class=\"liste-fichiers-element\">Fichier \u00e0 t\u00e9l\u00e9charger 1<i class=\"fas fa-arrow-down\"><\/i><\/a>\n\n\t\n\t<a href=\"https:\/\/virtuaweb.ca\/sites\/mmm\/wp-content\/uploads\/2023\/08\/MMM-Canada-Summer-Workshop-Registration-Form.pdf\" target=\"_blank\" class=\"liste-fichiers-element\">Fichier \u00e0 t\u00e9l\u00e9charger 2<i class=\"fas fa-arrow-down\"><\/i><\/a>\n\n\t\n\t<a href=\"https:\/\/virtuaweb.ca\/sites\/mmm\/wp-content\/uploads\/2023\/08\/MMM-Canada-Summer-Workshop-Registration-Form.pdf\" target=\"_blank\" class=\"liste-fichiers-element\">Fichier \u00e0 t\u00e9l\u00e9charger 3<i class=\"fas fa-arrow-down\"><\/i><\/a>\n\n\t\n\t<a href=\"https:\/\/virtuaweb.ca\/sites\/mmm\/wp-content\/uploads\/2023\/08\/IMG_0769.jpg\" target=\"_blank\" class=\"liste-fichiers-element\">Fichier \u00e0 t\u00e9l\u00e9charger 4<i class=\"fas fa-arrow-down\"><\/i><\/a>\n\n\n<\/div><\/div>\n<\/div>\n\n\n\n<div class=\"wp-block-columns is-layout-flex wp-container-core-columns-is-layout-9d6595d7 wp-block-columns-is-layout-flex\">\n<div class=\"wp-block-column is-layout-flow wp-block-column-is-layout-flow\">\n<h3 class=\"wp-block-heading\">Basic Teacher Training Information<\/h3>\n\n\n<div class=\"liste-fichiers\">\n\n\t\n\t<a href=\"https:\/\/virtuaweb.ca\/sites\/mmm\/wp-content\/uploads\/2023\/08\/MMM-Canada-Summer-Workshop-Registration-Form.pdf\" target=\"_blank\" class=\"liste-fichiers-element\">Fichier \u00e0 t\u00e9l\u00e9charger 1<i class=\"fas fa-arrow-down\"><\/i><\/a>\n\n\t\n\t<a href=\"https:\/\/virtuaweb.ca\/sites\/mmm\/wp-content\/uploads\/2023\/08\/MMM-Canada-Summer-Workshop-Registration-Form.pdf\" target=\"_blank\" class=\"liste-fichiers-element\">Fichier \u00e0 t\u00e9l\u00e9charger 2<i class=\"fas fa-arrow-down\"><\/i><\/a>\n\n\t\n\t<a href=\"https:\/\/virtuaweb.ca\/sites\/mmm\/wp-content\/uploads\/2023\/08\/MMM-Canada-Summer-Workshop-Registration-Form.pdf\" target=\"_blank\" class=\"liste-fichiers-element\">Fichier \u00e0 t\u00e9l\u00e9charger 3<i class=\"fas fa-arrow-down\"><\/i><\/a>\n\n\t\n\t<a href=\"https:\/\/virtuaweb.ca\/sites\/mmm\/wp-content\/uploads\/2023\/08\/IMG_0769.jpg\" target=\"_blank\" class=\"liste-fichiers-element\">Fichier \u00e0 t\u00e9l\u00e9charger 4<i class=\"fas fa-arrow-down\"><\/i><\/a>\n\n\n<\/div><\/div>\n\n\n\n<div class=\"wp-block-column is-layout-flow wp-block-column-is-layout-flow\">\n<h3 class=\"wp-block-heading\">White Teacher Training Information<\/h3>\n\n\n<div class=\"liste-fichiers\">\n\n\t\n\t<a href=\"https:\/\/virtuaweb.ca\/sites\/mmm\/wp-content\/uploads\/2023\/08\/MMM-Canada-Summer-Workshop-Registration-Form.pdf\" target=\"_blank\" class=\"liste-fichiers-element\">Fichier \u00e0 t\u00e9l\u00e9charger 1<i class=\"fas fa-arrow-down\"><\/i><\/a>\n\n\t\n\t<a href=\"https:\/\/virtuaweb.ca\/sites\/mmm\/wp-content\/uploads\/2023\/08\/MMM-Canada-Summer-Workshop-Registration-Form.pdf\" target=\"_blank\" class=\"liste-fichiers-element\">Fichier \u00e0 t\u00e9l\u00e9charger 2<i class=\"fas fa-arrow-down\"><\/i><\/a>\n\n\t\n\t<a href=\"https:\/\/virtuaweb.ca\/sites\/mmm\/wp-content\/uploads\/2023\/08\/MMM-Canada-Summer-Workshop-Registration-Form.pdf\" target=\"_blank\" class=\"liste-fichiers-element\">Fichier \u00e0 t\u00e9l\u00e9charger 3<i class=\"fas fa-arrow-down\"><\/i><\/a>\n\n\t\n\t<a href=\"https:\/\/virtuaweb.ca\/sites\/mmm\/wp-content\/uploads\/2023\/08\/IMG_0769.jpg\" target=\"_blank\" class=\"liste-fichiers-element\">Fichier \u00e0 t\u00e9l\u00e9charger 4<i class=\"fas fa-arrow-down\"><\/i><\/a>\n\n\n<\/div><\/div>\n<\/div>\n\n\n\n<div class=\"wp-block-columns is-layout-flex wp-container-core-columns-is-layout-9d6595d7 wp-block-columns-is-layout-flex\">\n<div class=\"wp-block-column is-layout-flow wp-block-column-is-layout-flow\">\n<h3 class=\"wp-block-heading\">Yellow Teacher Training Information<\/h3>\n\n\n<div class=\"liste-fichiers\">\n\n\t\n\t<a href=\"https:\/\/virtuaweb.ca\/sites\/mmm\/wp-content\/uploads\/2023\/08\/MMM-Canada-Summer-Workshop-Registration-Form.pdf\" target=\"_blank\" class=\"liste-fichiers-element\">Fichier \u00e0 t\u00e9l\u00e9charger 1<i class=\"fas fa-arrow-down\"><\/i><\/a>\n\n\t\n\t<a href=\"https:\/\/virtuaweb.ca\/sites\/mmm\/wp-content\/uploads\/2023\/08\/MMM-Canada-Summer-Workshop-Registration-Form.pdf\" target=\"_blank\" class=\"liste-fichiers-element\">Fichier \u00e0 t\u00e9l\u00e9charger 2<i class=\"fas fa-arrow-down\"><\/i><\/a>\n\n\t\n\t<a href=\"https:\/\/virtuaweb.ca\/sites\/mmm\/wp-content\/uploads\/2023\/08\/MMM-Canada-Summer-Workshop-Registration-Form.pdf\" target=\"_blank\" class=\"liste-fichiers-element\">Fichier \u00e0 t\u00e9l\u00e9charger 3<i class=\"fas fa-arrow-down\"><\/i><\/a>\n\n\t\n\t<a href=\"https:\/\/virtuaweb.ca\/sites\/mmm\/wp-content\/uploads\/2023\/08\/IMG_0769.jpg\" target=\"_blank\" class=\"liste-fichiers-element\">Fichier \u00e0 t\u00e9l\u00e9charger 4<i class=\"fas fa-arrow-down\"><\/i><\/a>\n\n\n<\/div><\/div>\n\n\n\n<div class=\"wp-block-column is-layout-flow wp-block-column-is-layout-flow\">\n<h3 class=\"wp-block-heading\">Orange Teacher Training Information<\/h3>\n\n\n<div class=\"liste-fichiers\">\n\n\t\n\t<a href=\"https:\/\/virtuaweb.ca\/sites\/mmm\/wp-content\/uploads\/2023\/08\/MMM-Canada-Summer-Workshop-Registration-Form.pdf\" target=\"_blank\" class=\"liste-fichiers-element\">Fichier \u00e0 t\u00e9l\u00e9charger 1<i class=\"fas fa-arrow-down\"><\/i><\/a>\n\n\t\n\t<a href=\"https:\/\/virtuaweb.ca\/sites\/mmm\/wp-content\/uploads\/2023\/08\/MMM-Canada-Summer-Workshop-Registration-Form.pdf\" target=\"_blank\" class=\"liste-fichiers-element\">Fichier \u00e0 t\u00e9l\u00e9charger 2<i class=\"fas fa-arrow-down\"><\/i><\/a>\n\n\t\n\t<a href=\"https:\/\/virtuaweb.ca\/sites\/mmm\/wp-content\/uploads\/2023\/08\/MMM-Canada-Summer-Workshop-Registration-Form.pdf\" target=\"_blank\" class=\"liste-fichiers-element\">Fichier \u00e0 t\u00e9l\u00e9charger 3<i class=\"fas fa-arrow-down\"><\/i><\/a>\n\n\t\n\t<a href=\"https:\/\/virtuaweb.ca\/sites\/mmm\/wp-content\/uploads\/2023\/08\/IMG_0769.jpg\" target=\"_blank\" class=\"liste-fichiers-element\">Fichier \u00e0 t\u00e9l\u00e9charger 4<i class=\"fas fa-arrow-down\"><\/i><\/a>\n\n\n<\/div><\/div>\n<\/div>\n","protected":false},"excerpt":{"rendered":"<p>Members&#8217; Files Annual General Assembly July 4, 2024 (AGM) By-Law and Policies Membership Form \u2013 2024 Bursaries \u2013 Application Forms Teaching files Application and Guidelines for Teacher Training Health Play Certificate Information Basic Teacher Training Information White Teacher Training Information Yellow Teacher Training Information Orange Teacher Training Information<\/p>\n","protected":false},"author":1,"featured_media":0,"parent":0,"menu_order":26,"comment_status":"closed","ping_status":"closed","template":"","meta":{"_acf_changed":false,"footnotes":""},"class_list":["post-147","page","type-page","status-publish","hentry"],"acf":[],"_links":{"self":[{"href":"https:\/\/virtuaweb.ca\/sites\/mmm\/wp-json\/wp\/v2\/pages\/147","targetHints":{"allow":["GET"]}}],"collection":[{"href":"https:\/\/virtuaweb.ca\/sites\/mmm\/wp-json\/wp\/v2\/pages"}],"about":[{"href":"https:\/\/virtuaweb.ca\/sites\/mmm\/wp-json\/wp\/v2\/types\/page"}],"author":[{"embeddable":true,"href":"https:\/\/virtuaweb.ca\/sites\/mmm\/wp-json\/wp\/v2\/users\/1"}],"replies":[{"embeddable":true,"href":"https:\/\/virtuaweb.ca\/sites\/mmm\/wp-json\/wp\/v2\/comments?post=147"}],"version-history":[{"count":18,"href":"https:\/\/virtuaweb.ca\/sites\/mmm\/wp-json\/wp\/v2\/pages\/147\/revisions"}],"predecessor-version":[{"id":889,"href":"https:\/\/virtuaweb.ca\/sites\/mmm\/wp-json\/wp\/v2\/pages\/147\/revisions\/889"}],"wp:attachment":[{"href":"https:\/\/virtuaweb.ca\/sites\/mmm\/wp-json\/wp\/v2\/media?parent=147"}],"curies":[{"name":"wp","href":"https:\/\/api.w.org\/{rel}","templated":true}]}}